{"id":42,"date":"2025-02-15T16:16:03","date_gmt":"2025-02-15T14:16:03","guid":{"rendered":"https:\/\/kokeiluversio.mielijakuvitus.fi\/?page_id=42"},"modified":"2025-02-15T16:25:56","modified_gmt":"2025-02-15T14:25:56","slug":"hinnasto","status":"publish","type":"page","link":"https:\/\/www.mielijakuvitus.fi\/?page_id=42","title":{"rendered":"Hinnasto"},"content":{"rendered":"\n<p><strong>PSYKOLOGI- JA PSYKOTERAPIATY\u00d6N HINNASTO 1.5.2022 L\u00c4HTIEN:<\/strong><\/p>\n\n\n\n<p><\/p>\n\n\n\n<p><strong>Kelan korvaama kuntoutuspsykoterapia:<\/strong><\/p>\n\n\n\n<ul class=\"wp-block-list\">\n<li>Psykoterapian omavastuuosuus asiakkaalle 40\u20ac\/ 45min.<\/li>\n\n\n\n<li>Vanhempien ohjaus (nuoret) omavastuu 40\u20ac\/45min.<\/li>\n\n\n\n<li>Kela korvaa terapiak\u00e4ynnist\u00e4 57,60\u20ac\/45min<\/li>\n\n\n\n<li>Tutustumisk\u00e4ynti (omakustanteinen) 50\u20ac<\/li>\n<\/ul>\n\n\n\n<p><strong>Omakustanteinen psykologi- tai psykoterapiak\u00e4ynti<\/strong><\/p>\n\n\n\n<ul class=\"wp-block-list\">\n<li>Yksil\u00f6- ja perhetapaamiset 45min\/85\u20ac<\/li>\n\n\n\n<li>Yksil\u00f6- ja perhetapaamiset 90min\/120\u20ac<\/li>\n<\/ul>\n\n\n\n<p><strong>Parisuhdeterapia:<\/strong><\/p>\n\n\n\n<ul class=\"wp-block-list\">\n<li>Pari- ja\/tai eroterapia 90min\/120\u20ac<\/li>\n<\/ul>\n\n\n\n<p><strong>Vakuutusyhti\u00f6n korvaama psykoterapia:<\/strong><\/p>\n\n\n\n<ul class=\"wp-block-list\">\n<li>Ota yhteytt\u00e4<\/li>\n<\/ul>\n\n\n\n<p><strong>Psykologiset tutkimukset:<\/strong><\/p>\n\n\n\n<ul class=\"wp-block-list\">\n<li>Ota yhteytt\u00e4<\/li>\n<\/ul>\n\n\n\n<p><strong>Koulutukset ja&nbsp;luennot:<\/strong><\/p>\n\n\n\n<ul class=\"wp-block-list\">\n<li>Pyyd\u00e4 tarjous.<\/li>\n<\/ul>\n\n\n\n<p><strong>Ty\u00f6nohjauksen&nbsp;hinnasto<\/strong>:<\/p>\n\n\n\n<ul class=\"wp-block-list\">\n<li>Yksil\u00f6ty\u00f6nohjaus 45min\/100\u20ac<\/li>\n\n\n\n<li>Yksil\u00f6ty\u00f6nohjaus 90min\/130\u20ac<\/li>\n\n\n\n<li>Ryhm\u00e4ty\u00f6nohjaus 90min\/200\u20ac<\/li>\n<\/ul>\n\n\n\n<p><strong>Ty\u00f6tilan&nbsp;vuokraus:<\/strong><\/p>\n\n\n\n<ul class=\"wp-block-list\">\n<li>Pyyd\u00e4 tarjous<\/li>\n<\/ul>\n\n\n\n<p>Pid\u00e4t\u00e4mme oikeuden muutoksiin. Maksu tapahtuu laskutuksena. Psykologin ja psykoterapian hoito- ja ohjausty\u00f6h\u00f6n ei lis\u00e4t\u00e4 alv:ia. Koulutuksiin ja ty\u00f6nohjaukseen lis\u00e4t\u00e4\u00e4n 24% alv.<\/p>\n\n\n\n<p>Mik\u00e4li aika perutaan vuorokautta ennen, emme peri hintaa. Sen j\u00e4lkeen k\u00e4ytt\u00e4m\u00e4tt\u00e4 j\u00e4tetyist\u00e4 ajoista veloitetaan t\u00e4ysi hinta.<\/p>\n","protected":false},"excerpt":{"rendered":"<p>PSYKOLOGI- JA PSYKOTERAPIATY\u00d6N HINNASTO 1.5.2022 L\u00c4HTIEN: Kelan korvaama kuntoutuspsykoterapia: Omakustanteinen psykologi- tai psykoterapiak\u00e4ynti Parisuhdeterapia: Vakuutusyhti\u00f6n korvaama psykoterapia: Psykologiset tutkimukset: Koulutukset ja&nbsp;luennot: Ty\u00f6nohjauksen&nbsp;hinnasto: Ty\u00f6tilan&nbsp;vuokraus: Pid\u00e4t\u00e4mme oikeuden muutoksiin. Maksu tapahtuu laskutuksena. Psykologin &#8230;<\/p>\n","protected":false},"author":1,"featured_media":0,"parent":0,"menu_order":0,"comment_status":"closed","ping_status":"closed","template":"","meta":{"footnotes":""},"class_list":["post-42","page","type-page","status-publish","hentry"],"_links":{"self":[{"href":"https:\/\/www.mielijakuvitus.fi\/index.php?rest_route=\/wp\/v2\/pages\/42","targetHints":{"allow":["GET"]}}],"collection":[{"href":"https:\/\/www.mielijakuvitus.fi\/index.php?rest_route=\/wp\/v2\/pages"}],"about":[{"href":"https:\/\/www.mielijakuvitus.fi\/index.php?rest_route=\/wp\/v2\/types\/page"}],"author":[{"embeddable":true,"href":"https:\/\/www.mielijakuvitus.fi\/index.php?rest_route=\/wp\/v2\/users\/1"}],"replies":[{"embeddable":true,"href":"https:\/\/www.mielijakuvitus.fi\/index.php?rest_route=%2Fwp%2Fv2%2Fcomments&post=42"}],"version-history":[{"count":2,"href":"https:\/\/www.mielijakuvitus.fi\/index.php?rest_route=\/wp\/v2\/pages\/42\/revisions"}],"predecessor-version":[{"id":57,"href":"https:\/\/www.mielijakuvitus.fi\/index.php?rest_route=\/wp\/v2\/pages\/42\/revisions\/57"}],"wp:attachment":[{"href":"https:\/\/www.mielijakuvitus.fi\/index.php?rest_route=%2Fwp%2Fv2%2Fmedia&parent=42"}],"curies":[{"name":"wp","href":"https:\/\/api.w.org\/{rel}","templated":true}]}}